{"id":498,"date":"2021-04-13T16:24:37","date_gmt":"2021-04-13T14:24:37","guid":{"rendered":"https:\/\/cfecgc-metierdelemploi-dg.fr\/?page_id=498"},"modified":"2021-05-04T16:19:59","modified_gmt":"2021-05-04T14:19:59","slug":"le-dispositif-action-logement","status":"publish","type":"page","link":"https:\/\/cfecgc-metierdelemploi-dg.fr\/?page_id=498","title":{"rendered":"Le dispositif ACTION LOGEMENT"},"content":{"rendered":"\n<p>P\u00f4le Emploi est un adh\u00e9rent volontaire \u00e0 Action Logement, c&rsquo;est \u00e0 dire qu&rsquo;il cotise volontairement. Par ce syst\u00e8me, il n\u00e9gocie avec Action Logement du dispositif qu&rsquo;il souhaite mettre en \u0153uvre pour ses agents.<\/p>\n\n\n\n<p>Vous trouverez ci-dessous un document qui r\u00e9capitule le p\u00e9rim\u00e8tre d&rsquo;intervention d&rsquo;action logement aupr\u00e8s des agents. <\/p>\n\n\n\n<p>Charles-hurbain PAYART \u00e9lu CSE suppl\u00e9ant, secr\u00e9taire du CSSCT, ancien membre du CRAL IDF d&rsquo;action logement est en capacit\u00e9 de vous r\u00e9pondre si vous avez des interrogations sur ce sujet. <\/p>\n\n\n\n<p><a rel=\"noreferrer noopener\" href=\"mailto:Syndicat.CFE-CGC-Siege@pole-emploi.fr\" target=\"_blank\">Syndicat.CFE-CGC-siege@pole-emploi.fr<\/a><\/p>\n","protected":false},"excerpt":{"rendered":"<p>P\u00f4le Emploi est un adh\u00e9rent volontaire \u00e0 Action Logement, c&rsquo;est \u00e0 dire qu&rsquo;il cotise volontairement. Par ce syst\u00e8me, il n\u00e9gocie avec Action Logement du dispositif qu&rsquo;il souhaite mettre en \u0153uvre &hellip; <a href=\"https:\/\/cfecgc-metierdelemploi-dg.fr\/?page_id=498\" class=\"more-link\">Continuer la lecture<span class=\"screen-reader-text\"> de &laquo;&nbsp;Le dispositif ACTION LOGEMENT&nbsp;&raquo;<\/span><\/a><\/p>\n","protected":false},"author":1,"featured_media":0,"parent":0,"menu_order":0,"comment_status":"closed","ping_status":"closed","template":"","meta":{"footnotes":""},"_links":{"self":[{"href":"https:\/\/cfecgc-metierdelemploi-dg.fr\/index.php?rest_route=\/wp\/v2\/pages\/498"}],"collection":[{"href":"https:\/\/cfecgc-metierdelemploi-dg.fr\/index.php?rest_route=\/wp\/v2\/pages"}],"about":[{"href":"https:\/\/cfecgc-metierdelemploi-dg.fr\/index.php?rest_route=\/wp\/v2\/types\/page"}],"author":[{"embeddable":true,"href":"https:\/\/cfecgc-metierdelemploi-dg.fr\/index.php?rest_route=\/wp\/v2\/users\/1"}],"replies":[{"embeddable":true,"href":"https:\/\/cfecgc-metierdelemploi-dg.fr\/index.php?rest_route=%2Fwp%2Fv2%2Fcomments&post=498"}],"version-history":[{"count":5,"href":"https:\/\/cfecgc-metierdelemploi-dg.fr\/index.php?rest_route=\/wp\/v2\/pages\/498\/revisions"}],"predecessor-version":[{"id":548,"href":"https:\/\/cfecgc-metierdelemploi-dg.fr\/index.php?rest_route=\/wp\/v2\/pages\/498\/revisions\/548"}],"wp:attachment":[{"href":"https:\/\/cfecgc-metierdelemploi-dg.fr\/index.php?rest_route=%2Fwp%2Fv2%2Fmedia&parent=498"}],"curies":[{"name":"wp","href":"https:\/\/api.w.org\/{rel}","templated":true}]}}

<p>Pôle Emploi est un adhérent volontaire à Action Logement, c&rsquo;est à dire qu&rsquo;il cotise volontairement. Par ce système, il négocie avec Action Logement du dispositif qu&rsquo;il souhaite mettre en œuvre pour ses agents.</p>



<p>Vous trouverez ci-dessous un document qui récapitule le périmètre d&rsquo;intervention d&rsquo;action logement auprès des agents. </p>



<p>Charles-hurbain PAYART élu CSE suppléant, secrétaire du CSSCT, ancien membre du CRAL IDF d&rsquo;action logement est en capacité de vous répondre si vous avez des interrogations sur ce sujet. </p>



<p><a rel="noreferrer noopener" href="mailto:Syndicat.CFE-CGC-Siege@pole-emploi.fr" target="_blank">Syndicat.CFE-CGC-siege@pole-emploi.fr</a></p>

<p>Pôle Emploi est un adhérent volontaire à Action Logement, c&rsquo;est à dire qu&rsquo;il cotise volontairement. Par ce système, il négocie avec Action Logement du dispositif qu&rsquo;il souhaite mettre en œuvre &hellip; <a href="https://cfecgc-metierdelemploi-dg.fr/?page_id=498" class="more-link">Continuer la lecture<span class="screen-reader-text"> de &laquo;&nbsp;Le dispositif ACTION LOGEMENT&nbsp;&raquo;</span></a></p>
